at is 353 (base 8) in base 11?
1a4
-3 (base 15) to base 3
-10
-3 (base 5) to base 2
-11
3 (base 6) to base 4
3
112 (base 6) to base 3
1122
Convert 11 (base 2) to base 8.
3
Convert 9 (base 15) to base 11.
9
4 (base 15) to base 16
4
-13 (base 9) to base 7
-15
What is 10 (base 3) in base 15?
3
-1 (base 4) to base 8
-1
Convert -5 (base 9) to base 13.
-5
What is -1101 (base 2) in base 6?
-21
Convert 200 (base 7) to base 13.
77
Convert d (base 16) to base 15.
d
Convert 0 (base 2) to base 6.
0
Convert -1001101 (base 2) to base 12.
-65
What is -7 (base 11) in base 14?
-7
Convert -54 (base 6) to base 9.
-37
Convert 2a (base 14) to base 7.
53
39 (base 15) to base 10
54
21 (base 11) to base 5
43
6 (base 16) to base 8
6
Convert 180 (base 13) to base 9.
333
What is 133 (base 9) in base 14?
7d
Convert -1 (base 6) to base 3.
-1
4 (base 11) to base 14
4
16 (base 12) to base 2
10010
What is 1 (base 13) in base 4?
1
What is -20 (base 9) in base 6?
-30
Convert -31 (base 6) to base 13.
-16
What is 8 (base 9) in base 11?
8
-4 (base 15) to base 4
-10
Convert -43 (base 10) to base 3.
-1121
What is 1 (base 9) in base 10?
1
41 (base 5) to base 9
23
110 (base 2) to base 9
6
20 (base 8) to base 4
100
Convert 35 (base 8) to base 15.
1e
Convert -24 (base 11) to base 7.
-35
What is -437 (base 8) in base 11?
-241
1124 (base 6) to base 4
10030
Convert -4 (base 12) to base 4.
-10
12012 (base 3) to base 9
165
-5 (base 16) to base 10
-5
Convert 13 (base 16) to base 2.
10011
100000 (base 2) to base 8
40
Convert -148 (base 11) to base 2.
-10101101
-145 (base 7) to base 10
-82
Convert -14 (base 14) to base 12.
-16
What is 2 (base 10) in base 13?
2
124 (base 5) to base 9
43
-24 (base 5) to base 3
-112
-13 (base 8) to base 10
-11
4 (base 12) to base 13
4
-265 (base 10) to base 14
-14d
Convert 29 (base 14) to base 9.
41
2 (base 14) to base 7
2
What is 11100 (base 2) in base 12?
24
-36 (base 10) to base 11
-33
Convert 122 (base 3) to base 9.
18
-19 (base 13) to base 7
-31
Convert -20 (base 11) to base 5.
-42
1 (base 16) to base 2
1
-1b (base 14) to base 15
-1a
What is -41 (base 13) in base 11?
-49
What is 142 (base 13) in base 16?
df
What is 7 (base 13) in base 5?
12
22 (base 10) to base 12
1a
-94 (base 14) to base 16
-82
What is -a (base 14) in base 2?
-1010
What is e (base 16) in base 12?
12
Convert 0 (base 8) to base 15.
0
4 (base 8) to base 10
4
-111 (base 2) to base 4
-13
-66 (base 8) to base 4
-312
19 (base 14) to base 8
27
What is 0 (base 4) in base 11?
0
Convert -19 (base 10) to base 5.
-34
-54 (base 6) to base 12
-2a
-19 (base 10) to base 12
-17
Convert -22 (base 7) to base 6.
-24
What is 0 (base 4) in base 13?
0
What is 5 (base 8) in base 13?
5
Convert -8 (base 12) to base 5.
-13
-8 (base 10) to base 5
-13
Convert -128 (base 11) to base 9.
-177
Convert -122 (base 3) to base 10.
-17
-10 (base 7) to base 3
-21
What is 9 (base 10) in base 9?
10
What is -4 (base 13) in base 15?
-4
What is -314 (base 6) in base 3?
-11101
-110 (base 2) to base 11
-6
Convert 203 (base 8) to base 6.
335
Convert -1 (base 10) to base 9.
-1
Convert -110 (base 2) to base 8.
-6
What is -2113 (base 4) in base 5?
-1101
-17 (base 13) to base 15
-15
4a (base 11) to base 16
36
-1 (base 8) to base 15
-1
Convert -3c (base 16) to base 5.
-220
What is 22 (base 7) in base 11?
15
Convert 7 (base 14) to base 8.
7
What is 101110 (base 2) in base 3?
1201
-29 (base 12) to base 8
-41
-7 (base 16) to base 13
-7
Convert -10110 (base 2) to base 15.
-17
0 (base 8) to base 16
0
Convert -3 (base 13) to base 16.
-3
-c (base 14) to base 9
-13
Convert -33 (base 13) to base 15.
-2c
What is -14 (base 11) in base 9?
-16
Convert -96 (base 12) to base 16.
-72
What is 43 (base 6) in base 13?
21
Convert -20 (base 3) to base 14.
-6
What is 8 (base 10) in base 9?
8
604 (base 7) to base 9
361
253 (base 8) to base 2
10101011
Convert 40 (base 6) to base 10.
24
111011 (base 2) to base 7
113
Convert 10 (base 5) to base 6.
5
Convert 212 (base 7) to base 10.
107
b (base 13) to base 6
15
Convert 8 (base 15) to base 5.
13
55 (base 6) to base 9
38
Convert -200 (base 3) to base 10.
-18
What is 4 (base 10) in base 12?
4
Convert 7b (base 16) to base 4.
1323
8 (base 13) to base 11
8
5 (base 8) to base 2
101
-33 (base 13) to base 7
-60
-7 (base 13) to base 5
-12
Convert 10 (base 14) to base 4.
32
-11 (base 13) to base 12
-12
11 (base 4) to base 6
5
What is -11 (base 10) in base 2?
-1011
What is 213 (base 5) in base 14?
42
0 (base 11) to base 8
0
Convert 3d (base 16) to base 15.
41
-12 (base 6) to base 16
-8
Convert -25 (base 10) to base 15.
-1a
32 (base 5) to base 10
17
-b (base 16) to base 2
-1011
Convert c9 (base 13) to base 14.
bb
What is -3 (base 12) in base 15?
-3
Convert -81 (base 13) to base 15.
-70
What is 2 (base 4) in base 13?
2
64 (base 7) to base 3
1201
275 (base 8) to base 13
117
2 (base 10) to base 11
2
-1 (base 15) to base 5
-1
Convert -270 (base 8) to base 6.
-504
-30 (base 5) to base 4
-33
What is -403 (base 7) in base 16?
-c7
What is 100 (base 2) in base 5?
4
Convert -3 (base 15) to base 3.
-10
What is -26 (base 12) in base 14?
-22
-2131 (base 5) to base 3
-101210
Convert 76 (base 10) to base 6.
204
Convert -14 (base 6) to base 9.
-11
What is -30 (base 10) in base 14?
-22
Convert 7 (base 8) to base 2.
111
What is -25 (base 15) in base 3?
-1022
Convert 121 (base 4) to base 11.
23
What is -11101 (base 3) in base 12?
-9a
Convert -4 (base 13) to base 16.
-4
Convert -1 (base 11) to base 2.
-1
Convert 1 (base 15) to base 9.
1
-8 (base 11) to base 16
-8
Convert 4 (base 8) to base 9.
4
What is -204 (base 8) in base 14?
-96
What is 1111001 (base 2) in base 10?
121
What is 20 (base 11) in base 4?
112
Convert -2 (base 4) to base 16.
-2
What is -1100 (base 2) in base 11?
-11
-61 (base 11) to base 6
-151
What is 30 (base 7) in base 8?
25
-3 (base 9) to base 8
-3
45 (base 11) to base 15
34
What is -36 (base 7) in base 5?
-102
Convert -5d (base 16) to base 13.
-72
Convert -1 (base 12) to base 3.
-1
Convert -13 (base 11) to base 13.
-11
-50 (base 15) to base 7
-135
-98 (base 10) to base 2
-1100010
Convert 1 (base 7) to base 3.
1
Convert 50 (base 6) to base 15.
20
Convert -19 (base 15) to base 6.
-40
Convert -109 (base 15) to base 3.
-22200
-11 (base 9) to base 10
-10
Convert 8 (base 16) to base 6.
12
What is 9 (base 11) in base 2?
1001
1021 (base 3) to base 2
100010
Convert -34 (base 6) to base 11.
-20
Convert -61 (base 11) to base 2.
-1000011
10 (base 3) to base 12
3
11 (base 3) to base 8
4
-23 (base 16) to base 7
-50
265 (base 7) to base 11
122
What is -11 (base 2) in base 4?
-3
-2233 (base 4) to base 13
-106
-2 (base 3) to base 11
-2
0 (base 6) to base 4
0
Convert 25 (base 6) to base 5.
32
Convert -2 (base 4) to base 16.
-2
Convert -44 (base 9) to base 10.
-40
-5 (base 7) to base 8
-5
Convert 4 (base 7) to base 16.
4
6 (base 8) to base 11
6
Convert 4a (base 16) to base 4.
1022
4 (base 5) to base 11
4
33 (base 16) to base 5
201
What is -13 (base 14) in base 9?
-18
What is -72 (base 10) in base 2?
-1001000
0 (base 10) to base 5
0
Convert -520 (base 6) to base 9.
-233
Convert -134 (base 8) to base 6.
-232
-27 (base 14) to base 10
-35
What is 211 (base 5) in base 8?
70
Convert 1122 (base 3) to base 11.
40
What is 10b (base 12) in base 9?
182
What is -2 (base 9) in base 8?
-2
What is 18 (base 10) in base 4?
102
0 (base 11) to base 14
0
Convert -101002 (base 3) to base 4.
-10100
Convert 41 (base 8) to base 2.
100001
What is -22 (base 5) in base 8?
-14
-1 (base 10) to base 16
-1
45 (base 6) to base 7
41
5 (base 9) to base 15
5
-8 (base 10) to base 11
-8
Convert b (base 13) to base 9.
12
-122 (base 6) to base 9
-55
Convert 10 (base 7) to base 15.
7
1 (base 2) to base 10
1
2b (base 13) to base 11
34
Convert -6 (base 16) to base 8.
-6
What is 0 (base 6) in base 7?
0
4 (base 12) to base 15
4
What is -44 (base 10) in base 9?
-48
What is -1011 (base 5) in base 16?
-83
What is 1 (base 8) in base 3?
1
What is 3 (base 9) in base 4?
3
Convert 10 (base 11) to base 14.
b
2 (base 7) to base 6
2
Convert 4 (base 9) to base 5.
4
11011 (base 2) to base 9
30
-10 (base 3) to base 10
-3
Convert -10 (base 2) to base 16.
-2
What is -16 (base 8) in base 16?
-e
Convert 0 (base 4) to base 15.
0
What is 15 (base 14) in base 4?
103
What is -1 (base 4) in base 9?
-1
Convert 4a